)/p?
2
Suppose -57*c = -419 - 835. Calculate the remainder when 263 is divided by c.
21
Suppose 2*x = 2*t + 188, -441 = -4*x - 4*t - 73. Calculate the remainder when x is divided by 47.
46
Let s(x) = -8*x + 206. What is the remainder when s(14) is divided by 87?
7
Let q = -117 + 140. Suppose -l - d = -4 - 109, -2*d - 344 = -3*l. What is the remainder when l is divided by q?
22
What is the remainder when 143 is divided by (-40 - -15)*((-1 - 1) + -2)?
43
Let a = 188 + -109. What is the remainder when 550 is divided by a?
76
Let d(t) be the third derivative of 5*t**4/24 + 5*t**3/6 - 7*t**2. Let w(q) = -q + 6. Let b be w(4). Calculate the remainder when 28 is divided by d(b).
13
Suppose 146 + 151 = 11*n. What is the remainder when 186 is divided by n?
24
Suppose -5*p - 160 = 4*i, -2*i - 5*p - 55 - 15 = 0. What is the remainder when 79 is divided by (i/(-9))/(2/8)?
19
Suppose 146*y - 141*y - 400 = -2*h, 4*y - 337 = -5*h. What is the remainder when 233 is divided by y?
77
Suppose -5*j - 1245 = 2305. What is the remainder when (-2)/6 + j/(-15) is divided by 12?
11
Suppose 4*u + 2*i - 215 = 11, 0 = u - 3*i - 74. Let q = -43 + 64. Calculate the remainder when u is divided by q.
17
Suppose -3 = 2*w - 3*w + 4*t, 0 = -5*w + 3*t + 15. Suppose w*i + 77 = 3*f - 127, -5*i = -f + 88. What is the remainder when f is divided by 8?
7
Calculate the remainder when (146/(-1 - -1 - -2))/1 is divided by 38.
35
Let y = -5 + 3. What is the remainder when 7 is divided by (-4)/6*(-1)/y*-6?
1
Suppose 0 = 5*l + 7 - 2. Let t = 6 + -1. Calculate the remainder when l + -12*(9/(-2) + 3) is divided by t.
2
Calculate the remainder when 97 is divided by (-2*5)/((-15)/30).
17
Suppose -108*b - 408 = -116*b. Calculate the remainder when b is divided by (-78)/(-4)*(-4)/(-6).
12
Let w(z) = 6*z + 3. Let o be w(2). Let y = 31 - o. Suppose 4*x - 349 + 41 = 0. What is the remainder when x is divided by y?
13
Suppose 2*b = 2*v + 80, -b + 28 = -0*v + 2*v. Suppose -168 = -3*w - 5*k, 0*k + 67 = w - 2*k. Let z = w - b. Calculate the remainder when z is divided by 7.
4
Let y(c) = -3*c**3 - 12*c**2 - 5*c - 7. What is the remainder when 1021 is divided by y(-5)?
91
Suppose -11*z + 22*z - 715 = 0. Calculate the remainder when z is divided by 19.
8
Let n(q) = q**3 + 17*q**2 + 17*q + 12. Let b be n(-16). What is the remainder when 27 is divided by (b + 3)*8*-1?
3
Let b = -289 + 301. What is the remainder when 22 is divided by b?
10
Let t(u) = u - 1. Let j = -15 - -21. Let q be t(j). Suppose 4*f = 5*r + 53, -q*f + 2*r - r + 40 = 0. What is the remainder when 19 is divided by f?
5
Suppose 4*b - 15 = -b. Let k(s) = -s**3 + 5*s**2 - 2*s + 1. Let z(p) = -2*p + 50. Calculate the remainder when z(0) is divided by k(b).
11
Suppose -2*o + 60 = -0*o. Suppose 0 = 6*l + l - 791. Calculate the remainder when l is divided by o.
23
Suppose -i - 10*i + 308 = 0. What is the remainder when i is divided by 16?
12
Suppose 24*v = 121 + 47. What is the remainder when 60 is divided by v?
4
Let f be -12*(-1 + 9/12). Suppose n + f*n = 24. Let p(c) = -c - 4. Calculate the remainder when n is divided by p(-6).
0
Suppose -5*l - 43 - 147 = 0. Let k = 42 + l. What is the remainder when 33 is divided by k?
1
Let y(u) = 8*u**2 + 3*u - 4. Let f be y(-6). Suppose -21*x = -7*x - f. Calculate the remainder when 54 is divided by x.
16
Suppose -4*p = 2*w - 654, 0 = -5*p - 49*w + 50*w + 814. What is the remainder when 174 is divided by p?
11
Suppose 359 = -3*r + 1487. Calculate the remainder when r is divided by 27.
25
Let b = -59 + 74. Let x be ((-8)/(-3))/((-38)/(-57)). Suppose -x*c = -3*o - 159, 2*o + o = -4*c + 177. What is the remainder when c is divided by b?
12
Suppose v - m + 0*m = 42, 3*v = 2*m + 126. What is the remainder when 120 is divided by v?
36
Let p = -144 - -211. Let h = p + -53. What is the remainder when 96 is divided by h?
12
Let a(h) = -2*h**2 + 60*h + 376. Calculate the remainder when 617 is divided by a(34).
97
Let u be (-2)/(-3)*(-21)/(-14)*3. Suppose -2*z + 2 = -2, w = u*z + 9. Calculate the remainder when 29 is divided by w.
14
Calculate the remainder when -51*(-2 + (-16)/(-12)) is divided by 9.
7
Let i = -9 - -12. Let w(p) = 6*p + p**3 + 3*p**2 + 7*p**2 - i*p**2 + 2. Calculate the remainder when 85 is divided by w(-5).
19
Let f(v) = 7*v - 10. Let r be f(3). Let k(j) = j**2 - 8*j + 5. What is the remainder when k(r) is divided by 14?
10
Let b be (-6)/21 - 2272/(-14). Suppose -4*d = -b + 14. What is the remainder when d is divided by 6?
1
Suppose 58 = -6*f + 160. What is the remainder when 64 is divided by f?
13
Let t(v) = v + 3. What is the remainder when t(11) is divided by 2?
0
Let s = -37 - -40. Suppose s*h + 8*h - 33 = 0. What is the remainder when 10 is divided by h?
1
Let u(z) = z**2 - 13*z - 42. Calculate the remainder when u(-13) is divided by 20.
16
Suppose 90*d - 76*d - 1638 = 0. Calculate the remainder when d is divided by 1 + -2 + 42 + -1.
37
Let a(c) = c**3 + 6*c**2 - 9*c - 9. Let p be a(-7). Let m be (-20)/(-25) + 26/p. Suppose u + m = 21. Calculate the remainder when 88 is divided by u.
13
Suppose -3*n = -7*n. Suppose p + 3*m = 48 - 0, n = 5*p - m - 208. Suppose 0*w = -4*y - 5*w + 51, -4*y = -2*w - 30. What is the remainder when p is divided by y?
6
Suppose -82 + 10 = -4*f. Suppose f*k - 207 = 9*k. What is the remainder when k is divided by 12?
11
Suppose -10 + 16 = 3*i. Let u(l) = -l**3 + l**2 - l. Let f be u(0). Suppose -4*q = -4, c + 4*q - 15 + i = f. Calculate the remainder when c is divided by 6.
3
Suppose 5*x = z + 298, -3*x - 2*z + 171 = -0*z. Let k = 83 - x. Let b(a) = -a**3 + 35*a**2 - 30*a - 44. Calculate the remainder when b(34) is divided by k.
20
Let c(b) = 18*b + 1. Suppose -87 = -p + 41. Let a = p + -74. Calculate the remainder when a is divided by c(1).
16
What is the remainder when 204 is divided by (-3*(-5)/(-30) - -1)*18?
6
Let c = -169 + 179. Calculate the remainder when 23 is divided by c.
3
Let a = 9 + -6. Suppose 3*d = 4*t + 157, -2*d + 2*t = -a*t - 114. Calculate the remainder when d is divided by 25.
22
Suppose -5*c - 3 = -2*r + 60, -3*c - 9 = 0. What is the remainder when 42 is divided by ((-78)/r - -2)*-12?
12
Let u(v) = -v**3 + 6*v**2 + 5*v + 5. Let d be u(7). What is the remainder when 3*3/6*(-222)/d is divided by 10?
7
Let t(k) = -4*k**2 - 15. Let m(z) = 8*z**2 - z + 29. Let a(h) = 3*m(h) + 5*t(h). Calculate the remainder when a(6) is divided by 35.
33
Suppose -17 = -3*f + 5*h, 4*f = -3*h - 33 + 104. Suppose -c + 5*d + 1 + 22 = 0, 5*c + 5*d = -5. Calculate the remainder when f is divided by c.
2
Let c = 215 - 106. What is the remainder when c is divided by 22?
21
Let s(r) = -r**2 - 3*r**2 + r + 5*r**2. Let z(i) = -5*i - 12. Let j(o) = s(o) + z(o). What is the remainder when j(-5) is divided by 9?
6
Suppose -5*k - 3*h = -137, -112*h = 2*k - 110*h - 58. Suppose -4*y - 536 = 84. Let u = 227 + y. What is the remainder when u is divided by k?
22
Let l(n) = -7*n + 2*n**2 - 3*n + 1 + n. Let z(i) = i - 2. Let j be z(8). Calculate the remainder when 54 is divided by l(j).
16
Let d = -973 - -1123. Calculate the remainder when d is divided by 140.
10
Let l = -45 - -26. Suppose 3*v - 54 = 63. Let t = v + l. What is the remainder when t is divided by 6?
2
Suppose 3*j + 27 = 3*c, -5*j = 28 - 3. Suppose 5*w - c*w - 3 = 0. Suppose 4*y + 13*b - 15*b = -6, -y + b = 4. What is the remainder when w is divided by y?
0
Let r be (-5)/(-6 + (-93)/(-18)). What is the remainder when (-2)/(-8) - (-175)/4 is divided by 3/r - 7/(84/(-138))?
8
Suppose 54*t - 50*t - 40 = 0. What is the remainder when t is divided by 4?
2
Let g = 1583 - 942. What is the remainder when g is divided by 7?
4
Let w(s) = 87*s**2 + 2. Let i be w(1). Suppose -3*n - i = -5*f - n, 5*f - 83 = -n. Calculate the remainder when 33 is divided by f.
16
Let j(p) = -10*p**3 - 9*p**2 + 4*p + 2. What is the remainder when j(-3) is divided by 30?
29
Let z(f) = 32*f - 20 - 41*f + 3. Calculate the remainder when z(-8) is divided by 19.
17
Suppose 184*b - 176*b = 216. Calculate the remainder when 93 is divided by b.
12
Suppose 0 = -n + 5*h + 6, -82 = -2*n - 4*h - 0*h. Let r = 39 + -22. What is the remainder when n is divided by r?
14
Let p(l) = -30*l - 1. Suppose 8 = a + 5*u - 7, 2*a = 3*u + 4. What is the remainder when p(-1) is div